7 = 3*s - 24. What is the tens digit of s?
1
Let x be 6 + (2 + 1)/1. Suppose 2*h = -g + x, 0*h + h + 18 = g. What is the units digit of g?
5
Let z(o) = o**3 + 2*o + 6 + 0*o + 8*o**2 - 3*o. What is the tens digit of z(-8)?
1
Let i(g) = 21*g**2 + 4*g + 3. What is the units digit of i(-2)?
9
Suppose 0 = -2*k - 3*k + 15. Suppose 3*y + 9 = k*d - 6, -9 = 3*y - d. Let i = y + 4. What is the units digit of i?
2
Suppose 32 + 4 = 2*o. What is the units digit of o?
8
Let r = -2 - -2. Suppose 7*n - 3*n - 152 = r. Suppose 2*t + n = 5*d - 2*t, -3*d - 2*t = -36. What is the tens digit of d?
1
Let o(d) be the first derivative of 4*d**2 + 4*d - 1/3*d**3 - 3. What is the tens digit of o(7)?
1
What is the tens digit of ((-16)/(-2))/(-2) + 35?
3
Let c(j) be the second derivative of -8/3*j**3 + 0 - 4*j + 1/2*j**2. What is the tens digit of c(-1)?
1
Suppose -p + 4*p + 5*a - 7 = 0, -3*p + 17 = -5*a. Suppose -12 = s - p*s. What is the units digit of s?
4
Suppose -4*o + d = -0*o - 44, -5*d + 8 = -o. Suppose 2*u + u - o = -3*q, -5*q = 3*u - 8. What is the units digit of u?
6
Suppose 0 = -r + 23. What is the units digit of r?
3
Let r be ((-3)/4 - -2)*-4. Let o(v) = -v**2 - 7*v + 3. What is the tens digit of o(r)?
1
Let d be (-26)/(-10) - 12/20. Suppose 4*f = 2*f - 3*v + 13, -v = d*f - 19. What is the tens digit of f?
1
Suppose -i = -0*i. Suppose i = -4*y - 3 + 27. Suppose -4*g - 18 = 4*r - 6*r, y = 5*r + 3*g. What is the units digit of r?
3
Let o(k) = 3*k + 4. What is the tens digit of o(9)?
3
Let u = 17 + 16. What is the tens digit of u?
3
Let g(s) = s**3 + 7*s**2 - s - 4. Let h(j) = j**3 - 3*j**2 - 2*j + 2. Let w be h(2). Let a be g(w). What is the units digit of a/14 - 4/(-14)?
3
Let u = 2 - -22. Suppose -3*q + u = 3*h + 3, 0 = -2*q + h + 8. Suppose -52 - 33 = -q*n. What is the units digit of n?
7
What is the tens digit of (5/(-5))/((-2)/94)?
4
Suppose -140 = -4*x + x + i, -5*x + i = -230. What is the units digit of x?
5
Let n(k) = -k + 3 + 7*k - 4*k. What is the units digit of n(8)?
9
What is the units digit of 35/4 - -6*(-5)/40?
8
Let t(n) = n**2 + 10*n + 33. What is the tens digit of t(-10)?
3
What is the units digit of (-6)/3 + 1 - -65?
4
Let m(g) = g**2 + g + 8. Let u(o) = o**2 + o + 8. Let t(c) = -4*m(c) + 5*u(c). Let q be (1 - 0/3) + -1. What is the units digit of t(q)?
8
Let z = 14 - 0. What is the units digit of z?
4
Let h(z) = -2*z - 1. Let g be 1 - 3 - (17 - 2). What is the tens digit of h(g)?
3
What is the units digit of (-3)/12 + (-250)/(-8)?
1
Suppose -163 = -5*x + 2*n - 0*n, 4*x + n - 133 = 0. Suppose 0 = -v - 4*t + x, -3*t - 96 = -5*v - 0*v. What is the tens digit of v?
2
Let x = -2 + 4. Let k be (0 + x + -1)*6. What is the units digit of k/15 + (-136)/(-10)?
4
Let f(g) = -g**2 - 5*g - 7. Suppose 0 = -5*q - u - 29, 0 = 2*u + 6 + 2. Let a be f(q). Let b = a + 9. What is the units digit of b?
2
Let k(x) = -2*x + 2. Suppose i = -2*i - 24. Let u be k(i). Suppose -2*a = a - u. What is the units digit of a?
6
Suppose -2*l + 23 = -l. What is the tens digit of l?
2
Suppose -j - 2*m + 27 = 0, 5*j - 5*m = -31 + 181. What is the units digit of j?
9
Suppose 0 = 2*f + 10*h - 7*h - 523, 3*f = 5*h + 737. What is the tens digit of f?
5
Let t(k) = 5*k - 8. Let m(a) = 4*a - 7. Let f(i) = -7*m(i) + 6*t(i). Let u be f(1). What is the units digit of -4 + 26 - (u - 1)?
0
Let g = -4 - -6. Let n(r) = -r**2 - g + r + 8*r**2 + 1. What is the units digit of n(1)?
7
Suppose -20 - 16 = -w. What is the units digit of w?
6
Let o(t) = -t**2 + 4*t - 3. Let h = -10 + 13. Let l be o(h). Let u = 8 + l. What is the units digit of u?
8
What is the tens digit of ((-110)/15)/((-1)/3)?
2
Suppose 20 + 22 = 2*c. Suppose r - 4*z - 38 = 0, -2*r + z = -4*z - 73. Let s = r - c. What is the tens digit of s?
1
Let n be 38/10 - 1/(-5). Suppose 5*f + n = o + 2*o, 3 = o. What is the units digit of f?
1
Suppose -7*k = 2*j - 3*k + 6, k = -4*j - 19. Let v be j/(-10) + (-29)/2. Let u = 25 + v. What is the units digit of u?
1
What is the tens digit of 246 + -2 + 6 + 1 + -2?
4
Let s(l) = 119*l. What is the units digit of s(1)?
9
What is the hundreds digit of -3 + -1 + 1 - -124?
1
Let f = 12 - 11. What is the units digit of f?
1
What is the tens digit of (7 - (2 + 2)) + 93?
9
Let p(a) = -a**3 + 10*a**2 + 11*a + 8. What is the units digit of p(11)?
8
Let k = 23 + -5. What is the units digit of k?
8
Let f be (-6)/(-9) - 1/(-3). Let y be 2/f - (-4 - -6). Let z = y + 8. What is the units digit of z?
8
Suppose 0 = -x + 2*v - 7, -4*x = -2*v - v + 3. Suppose 0 = i + x, 4*i = 4*t + 3*i - 47. What is the tens digit of t?
1
Let k = -53 - -78. What is the tens digit of k?
2
What is the units digit of 1*177/3 - 0?
9
Let l(z) = -z**2 + 7*z - 4. Let c = -1 + 7. What is the units digit of l(c)?
2
Let o be (2/(-4))/((-3)/36). What is the tens digit of (-5 - -37)/(4/o)?
4
Suppose m + 4*m - 15 = 0. Let a = 6 - m. What is the units digit of a?
3
Suppose 0*f - 59 = -f. What is the units digit of f?
9
What is the tens digit of ((-12)/2 - (3 + -5)) + 15?
1
Let q = -3 - -5. Suppose 2*r + 5*v = 5, 0 = -3*r - v - v - 20. What is the units digit of (16/q)/(r - -12)?
4
Let v(r) = -r**3 + 5*r**2 + 5*r + 14. Let u be v(6). What is the tens digit of 1/4 + 182/u?
2
Let v(j) = 2 + 2*j - 2*j - 2*j + 0*j. What is the units digit of v(-3)?
8
Suppose 3*x - 3*b = -6, b - 6 = -2*x - 2*b. Suppose x = -3*g + 15, -s - 23 = s - 5*g. What is the units digit of s?
1
Let q(n) = 6*n**2 + 5*n + 3. What is the tens digit of q(-3)?
4
Let i be (-2)/(-5) + 18/5. Let z be (-1 - 31/i)*-4. Suppose 5*a - 7 = -o, -5*o + 0*o = 4*a - z. What is the units digit of o?
7
Let f be (1 + 1 + -1)*7. Let t = 10 - f. Suppose -5*c + t + 17 = 0. What is the units digit of c?
4
Let a(l) = 17*l**3 + l - 1. Let x = 6 + -5. Suppose 3*s - 4 + x = q, 5*q = -5*s + 5. What is the tens digit of a(s)?
1
Let h = -12 + 9. What is the units digit of h/((-3)/2) - -11?
3
Let s = -16 + 11. What is the units digit of (510/(-9))/s*3?
4
Let s(w) = -w**2 + 14*w + 1. What is the units digit of s(14)?
1
Let v(i) = i + 13. Let t be v(-11). What is the units digit of 1*(3 + 12 + t)?
7
Let f(l) = 2*l**3 - l - 19. What is the tens digit of f(3)?
3
Suppose 251 = 4*p + 95. What is the units digit of p?
9
Suppose -3*c + 6 + 18 = 0. What is the tens digit of (-5 - 10)*c/(-6)?
2
Let h(p) = -2*p**3 + 5*p**2 - p - 4. Let l be h(-4). What is the units digit of 1/(-3) - l/(-12)?
7
Let k(d) = -d**2 - 3*d + 4. Let c be k(-3). Suppose -3 = q - c. What is the units digit of q?
1
What is the tens digit of (1/(-4) - 2/(-8)) + 88?
8
Suppose 5*q - 152 = 128. What is the units digit of q?
6
Suppose u + u = 0. Let z(o) = 2*o + o + u*o - o. What is the units digit of z(5)?
0
Suppose 0 = 7*h - h - 1026. What is the units digit of h?
1
Let a = -10 - -7. Let p(j) = -16*j - 6. What is the units digit of p(a)?
2
Suppose -266 = -3*z - c - 73, 5*z + 3*c - 315 = 0. What is the tens digit of z?
6
What is the tens digit of -1 + 2 + -1 - -42?
4
Suppose -5*f + 2*f - m = -410, 2*f - 256 = -5*m. What is the hundreds digit of f?
1
Let x = 0 - 8. Let f = -5 - x. What is the units digit of f?
3
What is the units digit of 109 - (-3 + 1 + 5) - 1?
5
Let g(o) = o**3 - 3*o**2 - 5*o + 2. Let b be g(4). Let d = -3 - b. What is the units digit of (d - -2)/((-6)/(-24))?
4
Suppose 4*h - 24 = -0*h - 4*a, -14 = -5*h + 3*a. Let c = h - -1. What is the units digit of c?
5
Suppose -u + 6 - 1 = 0. Suppose 109 = 4*i - p, u*i - p = 77 + 59. What is the units digit of i?
7
Suppose 0*b - 78 = -3*b. Suppose -n + 3*m = -b, -m + 2 - 4 = 0. What is the tens digit of n?
2
Suppose 10 = 3*i - 2*i. Let h be (12/(-10))/((-2)/i). Let r = h - 4. What is the units digit of r?
2
Let a = -16 + 22. Let q(u) = 6*u - 6. What is the units digit of q(a)?
0
Suppose -b = -3*v - 5*b + 33, 0 = -4*v + b + 44. Let w(i) = 16*i**3 - 2*i**2 + i. Let j be w(1). Let c = j - v. What is the units digit of c?
4
Let k(b) = b + 4 + 2*b - 2*b - 2*b. Let n be (1 + -3)*(1 - 2). What is the units digit of k(n)?
2
Suppose -11 = -2*m + 6*v - v, -m = -4*v + 2. What is the tens digit of m?
1
Let g(p) = 13*p**2 - 5*p - 12. What is the units digit of g(4)?
6
Suppose -29 - 31 = -5*k. Let s = 17 - k. What is the units digit of s?
5
Suppose -4*t = 144 - 444. Suppose t = 4*z - z. What is the units dig